).
-60
Calculate (-39 - -53 - (5 - 3 - -8)) + -19 - -16.
1
30 + 13 + (-1 - 11) + (4 - 0)
35
Calculate 66 + -3 + -3134 + 3176.
105
What is 65 + 14 + 24 + -104?
-1
What is the value of -395 + 409 + -2 + -43 - 101?
-132
What is -9 + -7 + (-5 - (0 + -77)) + 10?
66
What is 10 + 3 + -43 + 107?
77
What is (107 - (45 + 103)) + 56?
15
(1200 - 1229) + (2 - (-1 + 22))
-48
Evaluate (4 - (5 + -3)) + (45 - -7 - 77).
-23
What is the value of -111 + -156 - -328 - (-5 - 1)?
67
Calculate -8 - (20 + -10) - (5 - 2 - -8).
-29
What is the value of 3 + 0 - (-517 + 500)?
20
Calculate 3 + -1 + -2 + 0 + (11 - 13) + -49.
-51
Calculate 129 + -140 + (-2 - 66).
-79
Calculate (-1 - -16 - 0 - (4033 - 4015)) + 13.
10
1 + -45 - (11 - 14 - -15 - (-8 - -18))
-46
Calculate 8 + -7 + 2 + 8 + 982 + -1019.
-26
Evaluate 100 + -4 + -2 + -17 + (-1 + 24 - 3).
97
Evaluate 0 - -1 - (-408 - -394) - -27.
42
What is (-21 - -10) + -17 + (109 - 34)?
47
What is (140 + -126 - (2 + 5)) + -120 + 1?
-112
What is 6 + (-1 + 2 - (22 - -3 - 24) - 70)?
-64
What is the value of 44 - (-7 + 3 + 5 - (4 - -10))?
57
What is -63 - (106 - 112 - (3 - (-2 + 17)) - -4)?
-73
What is (74 + -25 - 25) + -33 + 2?
-7
Calculate -50 + 52 + 36 - 18.
20
What is -2646 + 2614 - (-24 - 0 - -1)?
-9
-165 + 57 + -55 + 134
-29
What is the value of -39 + 32 - -113 - -13?
119
Evaluate -2 - (3 - ((227 - 211) + (-130 - -3))).
-116
What is the value of (1092 - 1043) + (-4 + 3 - -5)?
53
What is 10 - (-19 + 2 + -61 + 75 + 19)?
-6
Calculate -12 - (-37 + (-15 - -12)).
28
What is the value of -97 + 13 + 47 - (4 - 12 - -3)?
-32
Calculate -2 - (7 - 2) - 0 - (-2906 + 2886).
13
What is 16 - -1 - (-43 + (113 - 52))?
-1
What is the value of 5 + -3 - 2 - (125 + -245 + 174)?
-54
What is -10 - ((11 - (-5 + 2 - -2)) + 0)?
-22
Evaluate -36 + 22 + 13 + 8 + -32.
-25
Evaluate -19 + 3 + -79 + 75 + 24 + 19.
23
What is the value of (-133 - -50) + -26 - -13?
-96
Evaluate -20 - ((-17716 - -17824) + (1 + -4 - 0)).
-125
Evaluate -32 - 168 - -161 - (47 - 2).
-84
Calculate 1 - 0 - ((7 + -35 - -5) + -98).
122
2 - 13 - (18 - 11 - -4)
-22
Evaluate 106 - (97 + -41 + 21).
29
Calculate 38 + (-4 + -11 - 12).
11
What is -13 - (88 - (13 - -11 - 39))?
-116
Evaluate -2 + -9 - -2 - (288 + (-484 - -229)).
-42
Evaluate -41 - (-92 - (-42 - -76)).
85
What is the value of -34 - (-83 + (124 - 19))?
-56
What is (372 - 404) + 4 + -11?
-39
What is 83 - (-32 + 97 - 49 - (13 - -1))?
81
What is 20 - 17 - 20 - (-2 - 6)?
-9
What is 15 + 45 + 58 - (24 + 4 + -5)?
95
Calculate (-54 - -1) + -50 + 31 + (33 - 19).
-58
Calculate (1 - 2) + (227 + -219 - (0 + 51 - 3)).
-41
What is (5 + (8 + -2 + -8 - -7) - 29) + 10?
-9
What is the value of -30 + (5 + (9 - -10) - 12)?
-18
What is the value of 6 - (3 - 47 - -52 - (81 - 1))?
78
What is (1 - 1 - -1 - -32) + -673 + 678?
38
What is 19 + (-57 - (-20 + -9)) - 44?
-53
(-19 - 0 - (228 + -221)) + 3
-23
Calculate 42 - -16 - 91 - (-2 - -3).
-34
Calculate (19 - 4) + (-3 - ((105 - 103) + -7 + 0)).
17
What is 2 - 16 - (-22 - ((-7 - 15) + 52))?
38
What is 49 - ((21 - 21 - (3 - 2)) + 2) - -3?
51
Evaluate -10 + 56 + 10 + (2 - (8 + -4 + 3)).
51
What is the value of 69 + (-37 + 40 - (32 - 4))?
44
What is the value of (-33 - -40 - (-26 + 4)) + (4 - -11)?
44
Evaluate -3 + 7 - (-1287 + 1243).
48
-8 + 2 + -7 + (34 - 73) + 8
-44
What is (-17 - (10 + -13 + -5 + 1)) + 34?
24
What is the value of -1 + (0 - (2 - 11)) + -18 + -57 + 4?
-63
What is 15 + 53 + -9 + -7 + -16 + 9?
45
-85 + -12 + 19 + (-25 - -13) + 9
-81
1 + (-7 - -11) + 16
21
Calculate -20 + 56 - 38 - (-2 + 0 + (-3 - -82)).
-79
What is the value of -3 + 7 - 39 - (-1106 - -1105)?
-34
-8 - (-104 - (-112 - 37))
-53
What is the value of -11 + 19 + -12 + (-8 - -14) + 1?
3
Calculate -25 + 71 + -42 + (-2 - -8) + 3.
13
Calculate -49 - ((-1 - 39) + 163 + -71).
-101
What is 8 + 2 + 8 + -11 - (179 - 201)?
29
Evaluate (-7 + -1 - -2) + (16 - -3) - -4.
17
What is the value of (-2 - (-6 + (3 - (5 + 2)))) + (-18 - 20)?
-30
What is the value of (-5 - (1 + -28 + 33)) + (0 + 2 - 5)?
-14
Calculate -5 - -38 - (-26 - -30) - 7.
22
Evaluate -1 + 13 + 143 + -71 + -61.
23
What is -12 + -76 + -13 + 56?
-45
Evaluate -4 - ((30 - (-16 + 36)) + 3 + 4).
-21
Evaluate -3 - (20 - -1) - (-123 - -124 - (5 + 1)).
-19
Evaluate 3 + 1 + (-56 + 57 + (2 - 29) - -2).
-20
Evaluate 3 + 65 + (36 + -86 - -29).
47
What is the value of 10 - 1 - (-42 - ((-41 - -35) + -38))?
7
What is (-189 - -173) + (-17 - (-5 - 4)) + -9?
-33
Calculate 25 - -1 - (-4573 - -4611).
-12
Evaluate -4 + (-19 - -12 - 8) + 1.
-18
Calculate -2425 - -2448 - (-104 + 3 - 4).
128
What is (1 - (-11 - 22) - 14) + 20?
40
37 - (-26 + 10 + 40)
13
What is -113 - (28 + -61) - -176?
96
What is -1 + 1 + -46 + (123 - (-92 + 214))?
-45
3 + -14 + 4 + -21 + 10 + 46
28
Evaluate -72 + (-1 + -1 - (17 + (-69 - -20) + 20)).
-62
Evaluate -26 + (10 - -9 - 15) + -33.
-55
Evaluate 10 + -26 - ((14 - 39) + 12 - 58).
55
Calculate 3 - ((2 + -5 - -15) + (-162 - -158)).
-5
Evaluate 89 - (32 + 44 - 70).
83
24 + 22 + -42 + -36 + -41
-73
What is the value of -243 + 306 + -1 + 13 + (-9 - -3)?
69
Evaluate 83 - (80 - -7) - -20.
16
What is the value of 6 + 1 + -7 + -37 + 15?
-22
What is the value of -13 - 1 - (-26 + -8 - (-20 - 22))?
-22
What is (-5 - (-11 - (-33 - (-16 + -1)))) + 15?
5
What is the value of -13 + -7 - (21 - (-66 + 76))?
-31
Evaluate -26 + (21 + -9 - 5) + (-4 - 0) + -12.
-35
Evaluate -510 + 461 + 0 + 55.
6
Evaluate -17 + (540 - 572) + (-1 - -21).
-29
(7 - (-56 - (-3 + -3))) + (9 - 4) + -4
58
What is (66 - 228 - -121) + (0 - -2 - 10)?
-49
What is (404 + -183 - 211) + 26 + 2 + -1?
37
What is (8 - 11) + 15 + -3 + (-10 - -4 - -46)?
49
What is -336 - -196 - (8 - 73)?
-75
What is 25 + (-10 + 8 - 45)?
-22
-621 + 764 - (90 - 2)
55
Evaluate (53 - -29 - -16) + -30.
68
What is (-23 + 32 - (4 + -11)) + -119?
-103
What is 24 + -51 + 67 + 2 + 0?
42
Calculate 82 + -2 - ((-154 - 0) + 143).
91
Calculate -61 + 42 + -70 + 103.
14
What is the value of (-59 - (7 + -11)) + (-33 - -16) + 3?
-69
What is (-3 + -43 - -93) + -19?
28
Evaluate -7 - -5 - -43 - (-10 - (-11 - 12)).
28
What is -13 + (-8 - (28 + 2 + -18))?
-33
Evaluate 122 + -2 + 2 + (-75 + 52 - (-17 + 3)).
113
Evaluate 71 - ((2 - 14) + 29 + -4 + -13 - -8).
63
Evaluate (-1 - (25 - (7 + -6))) + -7 - 2.
-34
Calculate 19 - (1 + 33) - -20 - 28 - -11.
-12
What is the value of -20 + -3 + -167 + 148 - (4 + 2 + -5)?
-43
-9 + -8 + (-1 - -31 - 26)
-13
Calculate 4 - ((-2 - ((0 - 6) + 17)) + -3).
20
(2 - -75) + (-3241 - -3116)
-48
What is the value of 69 + (109 + -116 - 105)?
-43
Calculate -1 + (100 - 56) - 56.
-13
What is the value of 58 + 0 + -19 - 5?
34
What is the value of (-4 - -56) + -24 - 19 - 70?
-61
Calculate (3 - (-10 + 18)) + 2 - (23 - 21).
-5
26 + 2 + (-5 + -3 - (8 + (15 - 35)))
32
-26197 - -26195 - (-2 - (0 + -12 + -1))
-13
1565 - 1401 - (87 - -3)
74
46 + -1 + (-3 - (10 - -14 - 15))
33
Calculate 27 - (50 - 59) - 11.
25
Calculate 34 - (67 + 7 - 43 - -10).
-7
What is 54 - 30 - (24 + -4) - (1 - 1)?
4
(-1699 - -1555) + 2 + 113
-29
(-9 - -84) + -16 - (-1 + (-2 - -2))
60
What is -28 + 1 - (-7 + 20 - (-5 + 8) - 3)?
-34
Evaluate (-39 - (-91 - -40)) + (21 - 7).
26
What is -14 - (-19 - 55) - 44?
16
(15 - (-32 - -43)) + -20 - (1 + 3)
-20
What is the value of -6 - ((28 - 7) + 13) - 2?
-42
What is -6 - ((9 - ((4 - 9) + 19)) + (-43 - -57))?
-15
What is -7 - (-14 - (-4 - -3)) - (-42 - -97)?
-49
7 + (32 + (10 - 25) - 31) + -70
-77
What is the value of 4 + 37 + (-98 - -19)?
-38
Evaluate 144 + -134 + 13 + -2.
21
What is 21 + 0 + 69 + -47 + -82?
-39
Evaluate (14 - 98) + 18 - (21 + 0) - (-7 + 0).
-80
Calculate -128 - 1 - (1235 - 1276).
-88
What is -101 - (-20 + 22 - -21 - 67)?
-57
What is the value of -6 + 11 - -22 - (16 + -78)?
89
(-1694 - -1647 - (-1 - 14)) + -15
-47
Evaluate 0 - 34 - (-1550 + 1522).
-6
What is -33 - (28 - (33 - (-7 - -23)))?
-44
What is the value of 852 - 792 - (47 - 3) - (1 - -17)?
-2
83 + 10 - ((-20 - (-2 + -2)) + (-21 - -25))
105
Calculate (-7 - 2 - (4 + -4)) + 20 + 28 + -98.
-59
What is (-69 - (18 + -57)) + 81?
51
Evaluate 10 + (4 - -28) + -155 + 168.
55
-32 + -2 + (891 - 867)
-10
What is the value of -46 - (-82 - (-82 - -117))?
71
Calculate 23 + 0 + -8 + (58 - 43) + 7.
37
What is the value of 107 + 0 - (-1 - 13 - (-2 + -47 + 24))?
96
What is the value of (-7 - -14) + (186 